{"id":5686,"date":"2021-06-22T12:39:28","date_gmt":"2021-06-22T12:39:28","guid":{"rendered":"https:\/\/e-cosmeticos.com\/?post_type=product&#038;p=5686"},"modified":"2026-02-11T11:48:18","modified_gmt":"2026-02-11T14:48:18","slug":"maria-isabel-protein-200ml","status":"publish","type":"product","link":"https:\/\/e-cosmeticos.com\/es\/producto\/maria-isabel-protein-200ml\/","title":{"rendered":"Mar\u00eda Isabel Prote\u00edna 200ml"},"content":{"rendered":"<p style=\"margin: 0px 0px 20px;padding: 0px;text-align: justify;color: #393939;font-family: myriad-pro-light, Arial, Helvetica, sans-serif\"><strong>C\u00f3mo utilizar:<\/strong>\u00a0Lavar el cabello con champ\u00fa de 3 a 5 veces. Seque su cabello alrededor de 80%, separe el cabello en 4 partes y aplique el producto mech\u00f3n a mech\u00f3n con un cepillo. Alinear el alambre con el peine y dejar actuar durante 60 minutos. Enjuagar 50% del producto con agua, cepillar y planchar en mechones muy finos cada 15 veces. Espere 15 minutos y luego l\u00e1vese con champ\u00fa y acondicionador para el hogar.<\/p>\n<p style=\"margin: 0px 0px 20px;padding: 0px;text-align: justify;color: #393939;font-family: myriad-pro-light, Arial, Helvetica, sans-serif\"><strong>Ingredientes:<\/strong>\u00a0AQUA, Metosulfato de behentrimonio, alcohol cetear\u00edlico, cloruro de cetrimonio, parafina l\u00edquida, propilenglicol, glicerina, guar cloruro de hidroxipropiltrimonio, BUTYROSPERMUM PARKII (Shea) de mantequilla, Ricinus communis aceite de semillas, CICLOPENTASILOXANO, dimeticona, estearamidopropil dimetilamina, trigo hidrolizada PROTEIN, Paullinia cupana extracto de semilla , POLICUATERNIO-10, QUERATINA AMINO\u00c1CIDOS, POLICUATERNIO-10, \u00c1CIDO GLUT\u00c1MICO, CARBOCISTE\u00cdNA, PROTE\u00cdNA DE ARROZ HIDROLIZADA, PEG-90M, ARGININA, SERINA, PROLINA, GLICINA, ALANINA, \u00c1CIDO ASPARTICO, TREUCININA, HIDROLINA, HIDROLINA, DMDM hidanto\u00edna, fenoxietanol, PCA s\u00f3dico, dipropilenglicol, polisilicona-29, DIS\u00d3DICO EDTA, METILCLOROISOTIAZOLINONA, METILSOTIAZOLINONA, fragancia, butilfenil metilpropional, salicilato de bencilo, cumarina, D-limoneno, geraniol, hexilo cinamaldeh\u00eddo, linalool.<\/p>","protected":false},"excerpt":{"rendered":"<p>El Tratamiento Capilar Maria Isabel Bio-terapia Celullar con m\u00faltiples prote\u00ednas, amino\u00e1cidos, aceites nutricionales, favorece la realineaci\u00f3n, la nutrici\u00f3n del cabello desde la ra\u00edz hasta las puntas. Su f\u00f3rmula \u00fanica tiene el poder de alinear las hebras y reconstruir la fibra capilar para obtener un cabello sano y terso.<\/p>","protected":false},"featured_media":5685,"comment_status":"open","ping_status":"closed","template":"","meta":[],"product_brand":[],"product_cat":[623,491],"product_tag":[],"class_list":{"0":"post-5686","1":"product","2":"type-product","3":"status-publish","4":"has-post-thumbnail","6":"product_cat-hair","7":"product_cat-smoothing","9":"first","10":"instock","11":"taxable","12":"shipping-taxable","13":"purchasable","14":"product-type-simple"},"_links":{"self":[{"href":"https:\/\/e-cosmeticos.com\/es\/wp-json\/wp\/v2\/product\/5686","targetHints":{"allow":["GET"]}}],"collection":[{"href":"https:\/\/e-cosmeticos.com\/es\/wp-json\/wp\/v2\/product"}],"about":[{"href":"https:\/\/e-cosmeticos.com\/es\/wp-json\/wp\/v2\/types\/product"}],"replies":[{"embeddable":true,"href":"https:\/\/e-cosmeticos.com\/es\/wp-json\/wp\/v2\/comments?post=5686"}],"wp:featuredmedia":[{"embeddable":true,"href":"https:\/\/e-cosmeticos.com\/es\/wp-json\/wp\/v2\/media\/5685"}],"wp:attachment":[{"href":"https:\/\/e-cosmeticos.com\/es\/wp-json\/wp\/v2\/media?parent=5686"}],"wp:term":[{"taxonomy":"product_brand","embeddable":true,"href":"https:\/\/e-cosmeticos.com\/es\/wp-json\/wp\/v2\/product_brand?post=5686"},{"taxonomy":"product_cat","embeddable":true,"href":"https:\/\/e-cosmeticos.com\/es\/wp-json\/wp\/v2\/product_cat?post=5686"},{"taxonomy":"product_tag","embeddable":true,"href":"https:\/\/e-cosmeticos.com\/es\/wp-json\/wp\/v2\/product_tag?post=5686"}],"curies":[{"name":"wp","href":"https:\/\/api.w.org\/{rel}","templated":true}]}}

María Isabel Proteína 200ml

<p style="margin: 0px 0px 20px;padding: 0px;text-align: justify;color: #393939;font-family: myriad-pro-light, Arial, Helvetica, sans-serif"><strong>Cómo utilizar:</strong> Lavar el cabello con champú de 3 a 5 veces. Seque su cabello alrededor de 80%, separe el cabello en 4 partes y aplique el producto mechón a mechón con un cepillo. Alinear el alambre con el peine y dejar actuar durante 60 minutos. Enjuagar 50% del producto con agua, cepillar y planchar en mechones muy finos cada 15 veces. Espere 15 minutos y luego lávese con champú y acondicionador para el hogar.</p>
<p style="margin: 0px 0px 20px;padding: 0px;text-align: justify;color: #393939;font-family: myriad-pro-light, Arial, Helvetica, sans-serif"><strong>Ingredientes:</strong> AQUA, Metosulfato de behentrimonio, alcohol cetearílico, cloruro de cetrimonio, parafina líquida, propilenglicol, glicerina, guar cloruro de hidroxipropiltrimonio, BUTYROSPERMUM PARKII (Shea) de mantequilla, Ricinus communis aceite de semillas, CICLOPENTASILOXANO, dimeticona, estearamidopropil dimetilamina, trigo hidrolizada PROTEIN, Paullinia cupana extracto de semilla , POLICUATERNIO-10, QUERATINA AMINOÁCIDOS, POLICUATERNIO-10, ÁCIDO GLUTÁMICO, CARBOCISTEÍNA, PROTEÍNA DE ARROZ HIDROLIZADA, PEG-90M, ARGININA, SERINA, PROLINA, GLICINA, ALANINA, ÁCIDO ASPARTICO, TREUCININA, HIDROLINA, HIDROLINA, DMDM hidantoína, fenoxietanol, PCA sódico, dipropilenglicol, polisilicona-29, DISÓDICO EDTA, METILCLOROISOTIAZOLINONA, METILSOTIAZOLINONA, fragancia, butilfenil metilpropional, salicilato de bencilo, cumarina, D-limoneno, geraniol, hexilo cinamaldehído, linalool.</p>

<p>El Tratamiento Capilar Maria Isabel Bio-terapia Celullar con múltiples proteínas, aminoácidos, aceites nutricionales, favorece la realineación, la nutrición del cabello desde la raíz hasta las puntas. Su fórmula única tiene el poder de alinear las hebras y reconstruir la fibra capilar para obtener un cabello sano y terso.</p>
