{"id":5694,"date":"2021-06-22T12:48:09","date_gmt":"2021-06-22T12:48:09","guid":{"rendered":"https:\/\/e-cosmeticos.com\/?post_type=product&#038;p=5694"},"modified":"2026-02-10T10:31:34","modified_gmt":"2026-02-10T13:31:34","slug":"maria-isabel-spray-antiqueda","status":"publish","type":"product","link":"https:\/\/e-cosmeticos.com\/es\/producto\/maria-isabel-spray-antiqueda\/","title":{"rendered":"Maria Isabel Spray Antiquebra 200ml"},"content":{"rendered":"<p style=\"margin: 0px 0px 20px;padding: 0px;text-align: justify;color: #393939;font-family: myriad-pro-light, Arial, Helvetica, sans-serif\"><strong>C\u00f3mo utilizar:<\/strong>\u00a0Con el cabello limpio, h\u00famedo o seco, rociar una peque\u00f1a cantidad de Antiquebra a lo largo y en las puntas, y finalizar con ayuda de un secador de pelo o plancha.<\/p>\n<p style=\"margin: 0px 0px 20px;padding: 0px;text-align: justify;color: #393939;font-family: myriad-pro-light, Arial, Helvetica, sans-serif\"><strong>Ingredientes:<\/strong>\u00a0Aqua, cloruro de cetrimonio, alcohol cetear\u00edlico, ceteareth-20, ceteareth-7, cloruro de policuaternio-7 behentrimonio, \u00e1cido c\u00edtrico, ceteareth-25, cloruro de guar hidroxipropiltrimonio, glicerina, pantenol, esteramidopropil dimetilamina, propilenglicol, propilenglicol , Glicina, serina, \u00e1cido glut\u00e1mico, alanina, \u00e1cido asp\u00e1rtico, treonina, creatina, DMDM hidanto\u00edna, extracto de semilla de linum usitatissimum (linaza), fibro\u00edna de sericina, feniltrimeticona, fosfato de almid\u00f3n de hidroxipropilo, bis-cetearil, amodimetilcloro-ticona Metilisotiazolinona, Parfum (Citral, Citronelol, Eugenol, Geraniol, Hidroxicitronelal, Limoneno, Linalol).<\/p>","protected":false},"excerpt":{"rendered":"<p>El Spray Antiquebra contiene en su f\u00f3rmula esferas cati\u00f3nicas compuestas por vitaminas A, E y Vitamina B5, recubiertas con prote\u00ednas de trigo cuaternizadas, aseguran la liberaci\u00f3n gradual y progresiva de vitaminas y prote\u00ednas seg\u00fan la necesidad de las hebras. Su estructura proteica forma una pel\u00edcula selectiva sobre las fibras capilares, protegiendo las regiones de la corteza (macro y microfibrillas) y cut\u00edculas, permitiendo que todo proceso qu\u00edmico ocurra en su totalidad sin comprometer la integridad de la fibra capilar.<\/p>","protected":false},"featured_media":5693,"comment_status":"open","ping_status":"closed","template":"","meta":[],"product_brand":[],"product_cat":[493,623],"product_tag":[],"class_list":{"0":"post-5694","1":"product","2":"type-product","3":"status-publish","4":"has-post-thumbnail","6":"product_cat-finishers","7":"product_cat-hair","9":"first","10":"instock","11":"taxable","12":"shipping-taxable","13":"purchasable","14":"product-type-simple"},"_links":{"self":[{"href":"https:\/\/e-cosmeticos.com\/es\/wp-json\/wp\/v2\/product\/5694","targetHints":{"allow":["GET"]}}],"collection":[{"href":"https:\/\/e-cosmeticos.com\/es\/wp-json\/wp\/v2\/product"}],"about":[{"href":"https:\/\/e-cosmeticos.com\/es\/wp-json\/wp\/v2\/types\/product"}],"replies":[{"embeddable":true,"href":"https:\/\/e-cosmeticos.com\/es\/wp-json\/wp\/v2\/comments?post=5694"}],"wp:featuredmedia":[{"embeddable":true,"href":"https:\/\/e-cosmeticos.com\/es\/wp-json\/wp\/v2\/media\/5693"}],"wp:attachment":[{"href":"https:\/\/e-cosmeticos.com\/es\/wp-json\/wp\/v2\/media?parent=5694"}],"wp:term":[{"taxonomy":"product_brand","embeddable":true,"href":"https:\/\/e-cosmeticos.com\/es\/wp-json\/wp\/v2\/product_brand?post=5694"},{"taxonomy":"product_cat","embeddable":true,"href":"https:\/\/e-cosmeticos.com\/es\/wp-json\/wp\/v2\/product_cat?post=5694"},{"taxonomy":"product_tag","embeddable":true,"href":"https:\/\/e-cosmeticos.com\/es\/wp-json\/wp\/v2\/product_tag?post=5694"}],"curies":[{"name":"wp","href":"https:\/\/api.w.org\/{rel}","templated":true}]}}

<p style="margin: 0px 0px 20px;padding: 0px;text-align: justify;color: #393939;font-family: myriad-pro-light, Arial, Helvetica, sans-serif"><strong>Cómo utilizar:</strong> Con el cabello limpio, húmedo o seco, rociar una pequeña cantidad de Antiquebra a lo largo y en las puntas, y finalizar con ayuda de un secador de pelo o plancha.</p>
<p style="margin: 0px 0px 20px;padding: 0px;text-align: justify;color: #393939;font-family: myriad-pro-light, Arial, Helvetica, sans-serif"><strong>Ingredientes:</strong> Aqua, cloruro de cetrimonio, alcohol cetearílico, ceteareth-20, ceteareth-7, cloruro de policuaternio-7 behentrimonio, ácido cítrico, ceteareth-25, cloruro de guar hidroxipropiltrimonio, glicerina, pantenol, esteramidopropil dimetilamina, propilenglicol, propilenglicol , Glicina, serina, ácido glutámico, alanina, ácido aspártico, treonina, creatina, DMDM hidantoína, extracto de semilla de linum usitatissimum (linaza), fibroína de sericina, feniltrimeticona, fosfato de almidón de hidroxipropilo, bis-cetearil, amodimetilcloro-ticona Metilisotiazolinona, Parfum (Citral, Citronelol, Eugenol, Geraniol, Hidroxicitronelal, Limoneno, Linalol).</p>

<p>El Spray Antiquebra contiene en su fórmula esferas catiónicas compuestas por vitaminas A, E y Vitamina B5, recubiertas con proteínas de trigo cuaternizadas, aseguran la liberación gradual y progresiva de vitaminas y proteínas según la necesidad de las hebras. Su estructura proteica forma una película selectiva sobre las fibras capilares, protegiendo las regiones de la corteza (macro y microfibrillas) y cutículas, permitiendo que todo proceso químico ocurra en su totalidad sin comprometer la integridad de la fibra capilar.</p>
