{"id":6401,"date":"2021-08-03T14:52:57","date_gmt":"2021-08-03T14:52:57","guid":{"rendered":"https:\/\/e-cosmeticos.com\/?post_type=product&#038;p=6401"},"modified":"2021-09-27T17:45:14","modified_gmt":"2021-09-27T20:45:14","slug":"gold-caviar-nano-ionic-dryer","status":"publish","type":"product","link":"https:\/\/e-cosmeticos.com\/fr\/produit\/gold-caviar-nano-ionic-dryer\/","title":{"rendered":"S\u00e9choir nano-ionique au caviar d&#039;or"},"content":{"rendered":"<p>Le s\u00e8che-cheveux professionnel est un s\u00e8che-cheveux haut de gamme, dot\u00e9 d&#039;un moteur professionnel longue dur\u00e9e de 2400 W qui offre un flux d&#039;air puissant pour un s\u00e9chage ultra-rapide. Le s\u00e8che-cheveux est con\u00e7u de mani\u00e8re ergonomique pour assurer une prise en main confortable et une meilleure prise en main lors du coiffage.<\/p>\n<p>\u2022 Technologie ionique avanc\u00e9e<br \/>\n\u2022 3 vitesses et 3 contr\u00f4les de temp\u00e9rature pour personnaliser votre brushing<br \/>\n\u2022 Fonction Cool Shot<\/p>","protected":false},"excerpt":{"rendered":"<p>Le g\u00e9n\u00e9rateur nano-ionique int\u00e9gr\u00e9 cr\u00e9e des millions de particules d&#039;ions n\u00e9gatifs. La technologie ionique permet \u00e0 ces particules de sceller les cuticules, d&#039;infuser l&#039;humidit\u00e9, de r\u00e9hydrater, d&#039;\u00e9liminer les frisottis et d&#039;obtenir un r\u00e9sultat final soyeux et lisse. Le s\u00e8che-cheveux aide \u00e0 pr\u00e9venir les dommages caus\u00e9s par la chaleur pour prot\u00e9ger la brillance naturelle. Pr\u00e9sent\u00e9 avec un c\u00e2ble d&#039;alimentation professionnel de 3 m qui permet un coiffage flexible.<\/p>","protected":false},"featured_media":6630,"comment_status":"open","ping_status":"closed","template":"","meta":[],"product_brand":[],"product_cat":[471],"product_tag":[],"class_list":{"0":"post-6401","1":"product","2":"type-product","3":"status-publish","4":"has-post-thumbnail","6":"product_cat-hair-dryers","8":"first","9":"outofstock","10":"taxable","11":"shipping-taxable","12":"purchasable","13":"product-type-simple"},"_links":{"self":[{"href":"https:\/\/e-cosmeticos.com\/fr\/wp-json\/wp\/v2\/product\/6401","targetHints":{"allow":["GET"]}}],"collection":[{"href":"https:\/\/e-cosmeticos.com\/fr\/wp-json\/wp\/v2\/product"}],"about":[{"href":"https:\/\/e-cosmeticos.com\/fr\/wp-json\/wp\/v2\/types\/product"}],"replies":[{"embeddable":true,"href":"https:\/\/e-cosmeticos.com\/fr\/wp-json\/wp\/v2\/comments?post=6401"}],"wp:featuredmedia":[{"embeddable":true,"href":"https:\/\/e-cosmeticos.com\/fr\/wp-json\/wp\/v2\/media\/6630"}],"wp:attachment":[{"href":"https:\/\/e-cosmeticos.com\/fr\/wp-json\/wp\/v2\/media?parent=6401"}],"wp:term":[{"taxonomy":"product_brand","embeddable":true,"href":"https:\/\/e-cosmeticos.com\/fr\/wp-json\/wp\/v2\/product_brand?post=6401"},{"taxonomy":"product_cat","embeddable":true,"href":"https:\/\/e-cosmeticos.com\/fr\/wp-json\/wp\/v2\/product_cat?post=6401"},{"taxonomy":"product_tag","embeddable":true,"href":"https:\/\/e-cosmeticos.com\/fr\/wp-json\/wp\/v2\/product_tag?post=6401"}],"curies":[{"name":"wp","href":"https:\/\/api.w.org\/{rel}","templated":true}]}}

Séchoir nano-ionique au caviar d&#039;or

<p>Le sèche-cheveux professionnel est un sèche-cheveux haut de gamme, doté d&#039;un moteur professionnel longue durée de 2400 W qui offre un flux d&#039;air puissant pour un séchage ultra-rapide. Le sèche-cheveux est conçu de manière ergonomique pour assurer une prise en main confortable et une meilleure prise en main lors du coiffage.</p>
<p>• Technologie ionique avancée<br />
• 3 vitesses et 3 contrôles de température pour personnaliser votre brushing<br />
• Fonction Cool Shot</p>

<p>Le générateur nano-ionique intégré crée des millions de particules d&#039;ions négatifs. La technologie ionique permet à ces particules de sceller les cuticules, d&#039;infuser l&#039;humidité, de réhydrater, d&#039;éliminer les frisottis et d&#039;obtenir un résultat final soyeux et lisse. Le sèche-cheveux aide à prévenir les dommages causés par la chaleur pour protéger la brillance naturelle. Présenté avec un câble d&#039;alimentation professionnel de 3 m qui permet un coiffage flexible.</p>
